{"id":3835,"date":"2022-03-21T15:45:02","date_gmt":"2022-03-21T14:45:02","guid":{"rendered":"http:\/\/www.ulcgt69villefranche.fr\/?page_id=3835"},"modified":"2022-03-21T16:00:10","modified_gmt":"2022-03-21T15:00:10","slug":"salarie-es-des-toutes-petites-entreprises-contactez-nous-2","status":"publish","type":"page","link":"http:\/\/www.ulcgt69villefranche.fr\/?page_id=3835","title":{"rendered":"Salari\u00e9-es des Toutes Petites Entreprises : contactez nous"},"content":{"rendered":"\n<h2><a href=\"https:\/\/www.cgt-aura.org\/themes\/conditions-de-travail\/\" target=\"_blank\" rel=\"noreferrer noopener\">#Conditions de travail<\/a><\/h2>\n\n\n\n<h2><a href=\"https:\/\/www.cgt-aura.org\/themes\/dialogue-social\/\" target=\"_blank\" rel=\"noreferrer noopener\">#Dialogue social<\/a><\/h2>\n\n\n\n<h2><a href=\"https:\/\/www.cgt-aura.org\/themes\/securite-sociale-professionnelle\/\" target=\"_blank\" rel=\"noreferrer noopener\">#S\u00e9curit\u00e9 Sociale Professionnelle<\/a><\/h2>\n\n\n\n<h2><a href=\"https:\/\/www.cgt-aura.org\/themes\/tpe\/\" target=\"_blank\" rel=\"noreferrer noopener\">#Tr\u00e8s Petites Entreprises (TPE)<\/a><\/h2>\n","protected":false},"excerpt":{"rendered":"<p>#Conditions de travail #Dialogue social #S\u00e9curit\u00e9 Sociale Professionnelle #Tr\u00e8s Petites Entreprises (TPE)<\/p>\n","protected":false},"author":7,"featured_media":0,"parent":3792,"menu_order":0,"comment_status":"closed","ping_status":"closed","template":"","meta":[],"_links":{"self":[{"href":"http:\/\/www.ulcgt69villefranche.fr\/index.php?rest_route=\/wp\/v2\/pages\/3835"}],"collection":[{"href":"http:\/\/www.ulcgt69villefranche.fr\/index.php?rest_route=\/wp\/v2\/pages"}],"about":[{"href":"http:\/\/www.ulcgt69villefranche.fr\/index.php?rest_route=\/wp\/v2\/types\/page"}],"author":[{"embeddable":true,"href":"http:\/\/www.ulcgt69villefranche.fr\/index.php?rest_route=\/wp\/v2\/users\/7"}],"replies":[{"embeddable":true,"href":"http:\/\/www.ulcgt69villefranche.fr\/index.php?rest_route=%2Fwp%2Fv2%2Fcomments&post=3835"}],"version-history":[{"count":1,"href":"http:\/\/www.ulcgt69villefranche.fr\/index.php?rest_route=\/wp\/v2\/pages\/3835\/revisions"}],"predecessor-version":[{"id":3836,"href":"http:\/\/www.ulcgt69villefranche.fr\/index.php?rest_route=\/wp\/v2\/pages\/3835\/revisions\/3836"}],"up":[{"embeddable":true,"href":"http:\/\/www.ulcgt69villefranche.fr\/index.php?rest_route=\/wp\/v2\/pages\/3792"}],"wp:attachment":[{"href":"http:\/\/www.ulcgt69villefranche.fr\/index.php?rest_route=%2Fwp%2Fv2%2Fmedia&parent=3835"}],"curies":[{"name":"wp","href":"https:\/\/api.w.org\/{rel}","templated":true}]}}