{"id":286,"date":"2012-07-18T18:49:55","date_gmt":"2012-07-18T16:49:55","guid":{"rendered":"http:\/\/s319008135.onlinehome.fr\/WP\/?page_id=286"},"modified":"2025-11-03T16:02:44","modified_gmt":"2025-11-03T15:02:44","slug":"contact-2","status":"publish","type":"page","link":"http:\/\/www.ulcgt69villefranche.fr\/?page_id=286","title":{"rendered":"Contact"},"content":{"rendered":"<p>Vous souhaitez joindre l&rsquo;UL CGT de Villefranche Beaujolais Val de Sa\u00f4ne ?<\/p>\n<p><span style=\"text-decoration: underline;\"><strong>Union Locale CGT de Villefranche sur Sa\u00f4ne<\/strong><\/span><br \/>\n21 Place Roger Rousset<br \/>\n69400 VILLEFRANCHE sur SAONE<br \/>\nTel : 04 74 65 25 31<br \/>\nSite : <a href=\"http:\/\/www.ulcgt69villefranche.fr\/\">www.ulcgt69villefranche.fr<\/a><br \/>\nMail : <a href=\"mailto:ulcgtvillefranche69@gmail.com\">ulcgtvillefranche69@gmail.com<\/a><\/p>\n<p><b>Accueil et renseignements les mardis, mercredis\u00a0et jeudis apr\u00e8s-midi de 14h00 \u00e0 17h30. Pour les autres jours de la semaine sont consacr\u00e9s aux syndiqu\u00e9s et aux rendez-vous, <\/b><span style=\"color: #ff0000;\">et il est pr\u00e9f\u00e9rable de t\u00e9l\u00e9phoner avant de se d\u00e9placer.<\/span><\/p>\n<p align=\"LEFT\">Une permanence Sant\u00e9 priv\u00e9\u00a0\/public est mise en place \u00e0 l\u2019UL CGT de Villefranche sur Sa\u00f4ne tous les lundi.<\/p>\n<p><b>Pour nous joindre\u00a0:<\/b><\/p>\n<p><a href=\"mailto:ulcgt.santevillefranche@gmail.com\" target=\"_blank\" rel=\"noopener noreferrer\">ulcgt.santevillefranche@gmail.com<\/a><\/p>\n<h1><a href=\"http:\/\/hno.reference-syndicale.fr\/\" target=\"_blank\" rel=\"noopener noreferrer\">hno.reference-syndicale.fr<\/a><\/h1>\n<p style=\"text-align: justify;\"><strong><span style=\"text-decoration: underline;\">L\u2019Union Locale des Syndiqu\u00e9s Retrait\u00e9s CGT de Villefranche, du Beaujolais et du Val de Sa\u00f4ne assure gratuitement des renseignements pour tous les retrait\u00e9s.<\/span><\/strong><\/p>\n<p>21 place Roger Rousset<br \/>\n69400 VILLEFRANCHE sur SA\u00d4NE<\/p>\n<p style=\"text-align: justify;\"><strong>(04 74 65 25 31 ou au\u00a0 09 53 71 29 41) \u00a0\u00e0 la bourse du travail<\/strong><strong> (local retrait\u00e9s\u00a0 salle de r\u00e9union du bas).<\/strong><\/p>\n<p style=\"text-align: justify;\">Si vous, ou l\u2019un de vos proches avez besoin d\u2019une information sur vos droits, d\u2019\u00eatre aid\u00e9 dans vos d\u00e9marches administratives, de constituer un dossier ou de d\u00e9fendre vos int\u00e9r\u00eats en lien avec votre quotidien, vous pouvez contacter des syndiqu\u00e9s retrait\u00e9s Cgt le mardi de 14h \u00e0 17h ou sur R.D.V.<\/p>\n<p>Lettre d\u2019invitation.pdf<\/p>\n","protected":false},"excerpt":{"rendered":"<p>Vous souhaitez joindre l&rsquo;UL CGT de Villefranche Beaujolais Val de Sa\u00f4ne ? Union Locale CGT de Villefranche sur Sa\u00f4ne 21 Place Roger Rousset 69400 VILLEFRANCHE sur SAONE Tel : 04 74 65 25 31 Site : www.ulcgt69villefranche.fr Mail : ulcgtvillefranche69@gmail.com Accueil et renseignements les mardis, mercredis\u00a0et jeudis apr\u00e8s-midi de 14h00 \u00e0 17h30. Pour les autres [&hellip;]<\/p>\n","protected":false},"author":2,"featured_media":0,"parent":0,"menu_order":0,"comment_status":"closed","ping_status":"closed","template":"","meta":[],"_links":{"self":[{"href":"http:\/\/www.ulcgt69villefranche.fr\/index.php?rest_route=\/wp\/v2\/pages\/286"}],"collection":[{"href":"http:\/\/www.ulcgt69villefranche.fr\/index.php?rest_route=\/wp\/v2\/pages"}],"about":[{"href":"http:\/\/www.ulcgt69villefranche.fr\/index.php?rest_route=\/wp\/v2\/types\/page"}],"author":[{"embeddable":true,"href":"http:\/\/www.ulcgt69villefranche.fr\/index.php?rest_route=\/wp\/v2\/users\/2"}],"replies":[{"embeddable":true,"href":"http:\/\/www.ulcgt69villefranche.fr\/index.php?rest_route=%2Fwp%2Fv2%2Fcomments&post=286"}],"version-history":[{"count":21,"href":"http:\/\/www.ulcgt69villefranche.fr\/index.php?rest_route=\/wp\/v2\/pages\/286\/revisions"}],"predecessor-version":[{"id":5731,"href":"http:\/\/www.ulcgt69villefranche.fr\/index.php?rest_route=\/wp\/v2\/pages\/286\/revisions\/5731"}],"wp:attachment":[{"href":"http:\/\/www.ulcgt69villefranche.fr\/index.php?rest_route=%2Fwp%2Fv2%2Fmedia&parent=286"}],"curies":[{"name":"wp","href":"https:\/\/api.w.org\/{rel}","templated":true}]}}

<p>Vous souhaitez joindre l&rsquo;UL CGT de Villefranche Beaujolais Val de Saône ?</p>
<p><span style="text-decoration: underline;"><strong>Union Locale CGT de Villefranche sur Saône</strong></span><br />
21 Place Roger Rousset<br />
69400 VILLEFRANCHE sur SAONE<br />
Tel : 04 74 65 25 31<br />
Site : <a href="http://www.ulcgt69villefranche.fr/">www.ulcgt69villefranche.fr</a><br />
Mail : <a href="mailto:ulcgtvillefranche69@gmail.com">ulcgtvillefranche69@gmail.com</a></p>
<p><b>Accueil et renseignements les mardis, mercredis et jeudis après-midi de 14h00 à 17h30. Pour les autres jours de la semaine sont consacrés aux syndiqués et aux rendez-vous, </b><span style="color: #ff0000;">et il est préférable de téléphoner avant de se déplacer.</span></p>
<p align="LEFT">Une permanence Santé privé /public est mise en place à l’UL CGT de Villefranche sur Saône tous les lundi.</p>
<p><b>Pour nous joindre :</b></p>
<p><a href="mailto:ulcgt.santevillefranche@gmail.com" target="_blank" rel="noopener noreferrer">ulcgt.santevillefranche@gmail.com</a></p>
<h1><a href="http://hno.reference-syndicale.fr/" target="_blank" rel="noopener noreferrer">hno.reference-syndicale.fr</a></h1>
<p style="text-align: justify;"><strong><span style="text-decoration: underline;">L’Union Locale des Syndiqués Retraités CGT de Villefranche, du Beaujolais et du Val de Saône assure gratuitement des renseignements pour tous les retraités.</span></strong></p>
<p>21 place Roger Rousset<br />
69400 VILLEFRANCHE sur SAÔNE</p>
<p style="text-align: justify;"><strong>(04 74 65 25 31 ou au  09 53 71 29 41)  à la bourse du travail</strong><strong> (local retraités  salle de réunion du bas).</strong></p>
<p style="text-align: justify;">Si vous, ou l’un de vos proches avez besoin d’une information sur vos droits, d’être aidé dans vos démarches administratives, de constituer un dossier ou de défendre vos intérêts en lien avec votre quotidien, vous pouvez contacter des syndiqués retraités Cgt le mardi de 14h à 17h ou sur R.D.V.</p>
<p>Lettre d’invitation.pdf</p>

<p>Vous souhaitez joindre l&rsquo;UL CGT de Villefranche Beaujolais Val de Saône ? Union Locale CGT de Villefranche sur Saône 21 Place Roger Rousset 69400 VILLEFRANCHE sur SAONE Tel : 04 74 65 25 31 Site : www.ulcgt69villefranche.fr Mail : ulcgtvillefranche69@gmail.com Accueil et renseignements les mardis, mercredis et jeudis après-midi de 14h00 à 17h30. Pour les autres [&hellip;]</p>
