{"id":282,"date":"2012-01-30T14:41:37","date_gmt":"2012-01-30T14:41:37","guid":{"rendered":"http:\/\/s319008135.onlinehome.fr\/WP\/?page_id=282"},"modified":"2022-12-05T17:02:21","modified_gmt":"2022-12-05T16:02:21","slug":"collectif-dlaj","status":"publish","type":"page","link":"http:\/\/www.ulcgt69villefranche.fr\/?page_id=282","title":{"rendered":"Collectif DLAJ"},"content":{"rendered":"<p><a href=\"http:\/\/www.ulcgt69villefranche.fr\/wp-content\/uploads\/2012\/01\/imagesCAJJ703Q.jpg\"><img loading=\"lazy\" class=\"aligncenter size-full wp-image-488\" title=\"imagesCAJJ703Q\" src=\"http:\/\/www.ulcgt69villefranche.fr\/wp-content\/uploads\/2012\/01\/imagesCAJJ703Q.jpg\" alt=\"\" width=\"361\" height=\"140\" srcset=\"http:\/\/www.ulcgt69villefranche.fr\/wp-content\/uploads\/2012\/01\/imagesCAJJ703Q.jpg 361w, http:\/\/www.ulcgt69villefranche.fr\/wp-content\/uploads\/2012\/01\/imagesCAJJ703Q-300x116.jpg 300w\" sizes=\"(max-width: 361px) 100vw, 361px\" \/><\/a>Le secteur Droit Libert\u00e9 Action Juridique de l&rsquo;UL est compos\u00e9 de conseillers prud\u2019hommes, de conseillers des salari\u00e9s, de d\u00e9fendeurs syndicaux, et de militants tenant des permanences.<\/p>\n<p>L\u2019objectif de ce collectif est de d\u00e9battre des questions de droits du travail et de trouver des convergences afin de lier l\u2019action syndicale et l\u2019action juridique,mais aussi, int\u00e9resser les militants \u00e0 la d\u00e9fense syndicale et imposer la pr\u00e9sence de la CGT dans les juridictions du travail.<br \/>\nApr\u00e8s tout\u2026 qui mieux connait le monde du travail que celui ou celle qui y est confront\u00e9 tous les jours ?<\/p>\n<p>Le collectif DLAJ de l&rsquo;UL de Villefranche sur Sa\u00f4ne, se r\u00e9unit une fois par trimestre, par alternance dans nos sites de la circonscription, et organise r\u00e9guli\u00e8rement des formations sur des sujets sp\u00e9cifiques tels que Bulletin de salaire, cong\u00e9s pay\u00e9s&#8230;..<\/p>\n<h4>Permanences Juridiques<\/h4>\n<p>Les mardis et jeudis de 14 h \u00e0 17h 30 sur rendez vous<\/p>\n","protected":false},"excerpt":{"rendered":"<p>Le secteur Droit Libert\u00e9 Action Juridique de l&rsquo;UL est compos\u00e9 de conseillers prud\u2019hommes, de conseillers des salari\u00e9s, de d\u00e9fendeurs syndicaux, et de militants tenant des permanences. L\u2019objectif de ce collectif est de d\u00e9battre des questions de droits du travail et de trouver des convergences afin de lier l\u2019action syndicale et l\u2019action juridique,mais aussi, int\u00e9resser les [&hellip;]<\/p>\n","protected":false},"author":2,"featured_media":0,"parent":102,"menu_order":0,"comment_status":"closed","ping_status":"closed","template":"","meta":[],"_links":{"self":[{"href":"http:\/\/www.ulcgt69villefranche.fr\/index.php?rest_route=\/wp\/v2\/pages\/282"}],"collection":[{"href":"http:\/\/www.ulcgt69villefranche.fr\/index.php?rest_route=\/wp\/v2\/pages"}],"about":[{"href":"http:\/\/www.ulcgt69villefranche.fr\/index.php?rest_route=\/wp\/v2\/types\/page"}],"author":[{"embeddable":true,"href":"http:\/\/www.ulcgt69villefranche.fr\/index.php?rest_route=\/wp\/v2\/users\/2"}],"replies":[{"embeddable":true,"href":"http:\/\/www.ulcgt69villefranche.fr\/index.php?rest_route=%2Fwp%2Fv2%2Fcomments&post=282"}],"version-history":[{"count":13,"href":"http:\/\/www.ulcgt69villefranche.fr\/index.php?rest_route=\/wp\/v2\/pages\/282\/revisions"}],"predecessor-version":[{"id":4353,"href":"http:\/\/www.ulcgt69villefranche.fr\/index.php?rest_route=\/wp\/v2\/pages\/282\/revisions\/4353"}],"up":[{"embeddable":true,"href":"http:\/\/www.ulcgt69villefranche.fr\/index.php?rest_route=\/wp\/v2\/pages\/102"}],"wp:attachment":[{"href":"http:\/\/www.ulcgt69villefranche.fr\/index.php?rest_route=%2Fwp%2Fv2%2Fmedia&parent=282"}],"curies":[{"name":"wp","href":"https:\/\/api.w.org\/{rel}","templated":true}]}}