{"id":1940,"date":"2018-03-14T10:00:04","date_gmt":"2018-03-14T09:00:04","guid":{"rendered":"http:\/\/www.ulcgt69villefranche.fr\/?page_id=1940"},"modified":"2025-11-03T15:58:36","modified_gmt":"2025-11-03T14:58:36","slug":"collectif-prives-demploi-et-precaires","status":"publish","type":"page","link":"http:\/\/www.ulcgt69villefranche.fr\/?page_id=1940","title":{"rendered":"Collectif Priv\u00e9s d&#8217;emploi et Pr\u00e9caires"},"content":{"rendered":"<div id=\"corps28\">\n<p><a href=\"http:\/\/www.ulcgt69villefranche.fr\/wp-content\/uploads\/2016\/06\/chomeurs-rebelles.gif\"><img loading=\"lazy\" class=\"size-full wp-image-1942 aligncenter\" title=\"chomeurs rebelles\" src=\"http:\/\/www.ulcgt69villefranche.fr\/wp-content\/uploads\/2016\/06\/chomeurs-rebelles.gif\" alt=\"\" width=\"108\" height=\"171\" \/><\/a><\/p>\n<p style=\"text-align: justify;\">Vous \u00eates d\u00e9j\u00e0 ou allez \u00eatre bient\u00f4t priv\u00e9 d&#8217;emploi (ch\u00f4m-eur-se) et C\u00e9G\u00e9Tiste (pas encore ou bient\u00f4t peut-\u00eatre). Alors ce qui suit vous concerne.<\/p>\n<\/div>\n<div id=\"corps30\">\n<p style=\"text-align: justify;\">Parce qu&rsquo;elle les consid\u00e8re comme des anciens et\/ou des futurs salari\u00e9s, la CGT est la seule organisation syndicale \u00e0 s&rsquo;occuper des priv\u00e9s d&#8217;emploi et des pr\u00e9caires.<\/p>\n<p style=\"text-align: justify;\">La CGT peut vous renseigner sur vos droits et vous aider dans vos d\u00e9marches aupr\u00e8s de France Travail.<\/p>\n<p style=\"text-align: justify;\">Si vous souhaitez joindre le collectif des priv\u00e9s d&#8217;emploi et pr\u00e9caires de l\u2019Union Locale CGT de Villefranche Beaujolais Val de Sa\u00f4ne adressez-vous \u00e0 :<\/p>\n<p><strong>Collectif des priv\u00e9s d&#8217;emploi et pr\u00e9caires \u00a0CGT de Villefranche s\/S<\/strong><br \/>\nPlace Roger Rousset<br \/>\n69400 VILLEFRANCHE sur SAONE<br \/>\nTel : 04 74 65 25 31<br \/>\nSite :\u00a0<a href=\"http:\/\/www.ulcgt69villefranche.fr\/\">www.ulcgt69villefranche.fr<\/a><br \/>\nMail :\u00a0<a href=\"mailto:ul.cgtvillefranche69@gmail.com\">ulcgtvillefranche69@gmail.com<\/a><\/p>\n<\/div>\n","protected":false},"excerpt":{"rendered":"<p>Vous \u00eates d\u00e9j\u00e0 ou allez \u00eatre bient\u00f4t priv\u00e9 d&#8217;emploi (ch\u00f4m-eur-se) et C\u00e9G\u00e9Tiste (pas encore ou bient\u00f4t peut-\u00eatre). Alors ce qui suit vous concerne. Parce qu&rsquo;elle les consid\u00e8re comme des anciens et\/ou des futurs salari\u00e9s, la CGT est la seule organisation syndicale \u00e0 s&rsquo;occuper des priv\u00e9s d&#8217;emploi et des pr\u00e9caires. La CGT peut vous renseigner sur [&hellip;]<\/p>\n","protected":false},"author":3,"featured_media":0,"parent":173,"menu_order":0,"comment_status":"closed","ping_status":"closed","template":"","meta":[],"_links":{"self":[{"href":"http:\/\/www.ulcgt69villefranche.fr\/index.php?rest_route=\/wp\/v2\/pages\/1940"}],"collection":[{"href":"http:\/\/www.ulcgt69villefranche.fr\/index.php?rest_route=\/wp\/v2\/pages"}],"about":[{"href":"http:\/\/www.ulcgt69villefranche.fr\/index.php?rest_route=\/wp\/v2\/types\/page"}],"author":[{"embeddable":true,"href":"http:\/\/www.ulcgt69villefranche.fr\/index.php?rest_route=\/wp\/v2\/users\/3"}],"replies":[{"embeddable":true,"href":"http:\/\/www.ulcgt69villefranche.fr\/index.php?rest_route=%2Fwp%2Fv2%2Fcomments&post=1940"}],"version-history":[{"count":22,"href":"http:\/\/www.ulcgt69villefranche.fr\/index.php?rest_route=\/wp\/v2\/pages\/1940\/revisions"}],"predecessor-version":[{"id":5729,"href":"http:\/\/www.ulcgt69villefranche.fr\/index.php?rest_route=\/wp\/v2\/pages\/1940\/revisions\/5729"}],"up":[{"embeddable":true,"href":"http:\/\/www.ulcgt69villefranche.fr\/index.php?rest_route=\/wp\/v2\/pages\/173"}],"wp:attachment":[{"href":"http:\/\/www.ulcgt69villefranche.fr\/index.php?rest_route=%2Fwp%2Fv2%2Fmedia&parent=1940"}],"curies":[{"name":"wp","href":"https:\/\/api.w.org\/{rel}","templated":true}]}}

Collectif Privés d&#8217;emploi et Précaires

<div id="corps28">
<p><a href="http://www.ulcgt69villefranche.fr/wp-content/uploads/2016/06/chomeurs-rebelles.gif"><img loading="lazy" class="size-full wp-image-1942 aligncenter" title="chomeurs rebelles" src="http://www.ulcgt69villefranche.fr/wp-content/uploads/2016/06/chomeurs-rebelles.gif" alt="" width="108" height="171" /></a></p>
<p style="text-align: justify;">Vous êtes déjà ou allez être bientôt privé d&#8217;emploi (chôm-eur-se) et CéGéTiste (pas encore ou bientôt peut-être). Alors ce qui suit vous concerne.</p>
</div>
<div id="corps30">
<p style="text-align: justify;">Parce qu&rsquo;elle les considère comme des anciens et/ou des futurs salariés, la CGT est la seule organisation syndicale à s&rsquo;occuper des privés d&#8217;emploi et des précaires.</p>
<p style="text-align: justify;">La CGT peut vous renseigner sur vos droits et vous aider dans vos démarches auprès de France Travail.</p>
<p style="text-align: justify;">Si vous souhaitez joindre le collectif des privés d&#8217;emploi et précaires de l’Union Locale CGT de Villefranche Beaujolais Val de Saône adressez-vous à :</p>
<p><strong>Collectif des privés d&#8217;emploi et précaires  CGT de Villefranche s/S</strong><br />
Place Roger Rousset<br />
69400 VILLEFRANCHE sur SAONE<br />
Tel : 04 74 65 25 31<br />
Site : <a href="http://www.ulcgt69villefranche.fr/">www.ulcgt69villefranche.fr</a><br />
Mail : <a href="mailto:ul.cgtvillefranche69@gmail.com">ulcgtvillefranche69@gmail.com</a></p>
</div>

<p>Vous êtes déjà ou allez être bientôt privé d&#8217;emploi (chôm-eur-se) et CéGéTiste (pas encore ou bientôt peut-être). Alors ce qui suit vous concerne. Parce qu&rsquo;elle les considère comme des anciens et/ou des futurs salariés, la CGT est la seule organisation syndicale à s&rsquo;occuper des privés d&#8217;emploi et des précaires. La CGT peut vous renseigner sur [&hellip;]</p>
