{"id":179,"date":"2011-12-09T14:50:31","date_gmt":"2011-12-09T14:50:31","guid":{"rendered":"http:\/\/www.masoch.net\/CGT\/?page_id=179"},"modified":"2025-10-31T14:17:11","modified_gmt":"2025-10-31T13:17:11","slug":"ugict","status":"publish","type":"page","link":"http:\/\/www.ulcgt69villefranche.fr\/?page_id=179","title":{"rendered":"UGICT"},"content":{"rendered":"<p><a href=\"http:\/\/www.ulcgt69villefranche.fr\/wp-content\/uploads\/2011\/12\/imagesCAXZRV3F.jpg\"><img loading=\"lazy\" class=\"aligncenter size-full wp-image-504\" title=\"imagesCAXZRV3F\" src=\"http:\/\/www.ulcgt69villefranche.fr\/wp-content\/uploads\/2011\/12\/imagesCAXZRV3F.jpg\" alt=\"\" width=\"178\" height=\"128\" \/><\/a><\/p>\n<p>Avec son Union g\u00e9n\u00e9rale des ing\u00e9nieurs, cadres et techniciens (UGICT), la CGT invite ces cat\u00e9gories professionnelles \u00e0 prendre leur place dans cet espace de libert\u00e9, de dialogue, d\u2019\u00e9change et d\u2019action pour leur permettre de d\u00e9cider des choix et des orientations du syndicat..<\/p>\n<p>L&rsquo;Ugict organise l&rsquo;activit\u00e9 des professions cadres et techniciennes au sein de la Cgt.<\/p>\n<p>L&rsquo;UGICT-CGT enregistre r\u00e9guli\u00e8rement des progr\u00e8s aux \u00e9lections des Comit\u00e9s d&rsquo;Entreprises et D\u00e9l\u00e9gu\u00e9s du Personnel, aux \u00e9lections des conseils d&rsquo;administration des caisses de retraites AGIRC et aux \u00e9lections prud\u2019homales.<\/p>\n<p>L\u2019Ugict-CGT au service du d\u00e9ploiement de la CGT, permettant \u00e0 celle-ci d\u2019\u00eatre en phase avec l\u2019encadrement, gagne aussi en cr\u00e9dibilit\u00e9.<\/p>\n<p>Professionnellement engag\u00e9s et socialement responsables, L\u2019Ugict-CGT agit pour :<br \/>\n&#8211; obtenir la reconnaissance des dipl\u00f4mes et des qualifications dans les salaires et les responsabilit\u00e9s,<br \/>\n&#8211; obtenir des droits individuels et collectifs pour faire valoir notre r\u00f4le contributif et notre \u00e9thique professionnelle,<br \/>\n&#8211; agir ensemble pour une r\u00e9elle r\u00e9duction du temps et des charges de travail,<br \/>\n&#8211; d\u00e9fendre la retraite AGIRC et la validation des ann\u00e9es d\u2019\u00e9tudes pour les droits \u00e0 la retraite,<br \/>\n&#8211; faire respecter l\u2019\u00e9galit\u00e9 entre les hommes et les femmes,<br \/>\n&#8211; mettre fin au Wall Street Management et developper une d\u00e9marche de management alternatif.<\/p>\n<p>L\u2019Ugict est membre de Eurocadres, organisation affili\u00e9e \u00e0 la Ces (Conf\u00e9d\u00e9ration Europ\u00e9enne des syndicats), afin de travailler \u00e0 de r\u00e9els droits sociaux en Europe. L\u2019Ugict est signataire du \u00ab\u00a0manifeste pour la responsabilit\u00e9 des cadres\u00a0\u00bb. L\u2019Ugict est membre d\u2019Union Networks International, afin de mieux d\u00e9velopper les convergences revendicatives avec d\u2019autres organisations syndicales de cadres au niveau mondial.<\/p>\n<p>Secteurs d&rsquo;implantation<br \/>\nL\u2019Ugict-CGT est implant\u00e9e dans les entreprises et les administrations. Elle dispose de structures professionnelles (Unions f\u00e9d\u00e9rales) et territoriales (commissions d\u00e9partementales et collectifs locaux)<\/p>\n","protected":false},"excerpt":{"rendered":"<p>Avec son Union g\u00e9n\u00e9rale des ing\u00e9nieurs, cadres et techniciens (UGICT), la CGT invite ces cat\u00e9gories professionnelles \u00e0 prendre leur place dans cet espace de libert\u00e9, de dialogue, d\u2019\u00e9change et d\u2019action pour leur permettre de d\u00e9cider des choix et des orientations du syndicat.. L&rsquo;Ugict organise l&rsquo;activit\u00e9 des professions cadres et techniciennes au sein de la Cgt. [&hellip;]<\/p>\n","protected":false},"author":2,"featured_media":445,"parent":173,"menu_order":0,"comment_status":"closed","ping_status":"closed","template":"","meta":[],"_links":{"self":[{"href":"http:\/\/www.ulcgt69villefranche.fr\/index.php?rest_route=\/wp\/v2\/pages\/179"}],"collection":[{"href":"http:\/\/www.ulcgt69villefranche.fr\/index.php?rest_route=\/wp\/v2\/pages"}],"about":[{"href":"http:\/\/www.ulcgt69villefranche.fr\/index.php?rest_route=\/wp\/v2\/types\/page"}],"author":[{"embeddable":true,"href":"http:\/\/www.ulcgt69villefranche.fr\/index.php?rest_route=\/wp\/v2\/users\/2"}],"replies":[{"embeddable":true,"href":"http:\/\/www.ulcgt69villefranche.fr\/index.php?rest_route=%2Fwp%2Fv2%2Fcomments&post=179"}],"version-history":[{"count":16,"href":"http:\/\/www.ulcgt69villefranche.fr\/index.php?rest_route=\/wp\/v2\/pages\/179\/revisions"}],"predecessor-version":[{"id":5708,"href":"http:\/\/www.ulcgt69villefranche.fr\/index.php?rest_route=\/wp\/v2\/pages\/179\/revisions\/5708"}],"up":[{"embeddable":true,"href":"http:\/\/www.ulcgt69villefranche.fr\/index.php?rest_route=\/wp\/v2\/pages\/173"}],"wp:featuredmedia":[{"embeddable":true,"href":"http:\/\/www.ulcgt69villefranche.fr\/index.php?rest_route=\/wp\/v2\/media\/445"}],"wp:attachment":[{"href":"http:\/\/www.ulcgt69villefranche.fr\/index.php?rest_route=%2Fwp%2Fv2%2Fmedia&parent=179"}],"curies":[{"name":"wp","href":"https:\/\/api.w.org\/{rel}","templated":true}]}}