{"id":173,"date":"2011-12-09T14:49:26","date_gmt":"2011-12-09T14:49:26","guid":{"rendered":"http:\/\/www.masoch.net\/CGT\/?page_id=173"},"modified":"2021-10-02T11:31:59","modified_gmt":"2021-10-02T09:31:59","slug":"divers","status":"publish","type":"page","link":"http:\/\/www.ulcgt69villefranche.fr\/?page_id=173","title":{"rendered":"Structures"},"content":{"rendered":"<p><a href=\"http:\/\/www.ulcgt69villefranche.fr\/?page_id=3402\" target=\"_blank\" rel=\"noopener\">CGT AGIVR<\/a><\/p>\n<p><a href=\"http:\/\/www.ulcgt69villefranche.fr\/?page_id=1940\" target=\"_blank\" rel=\"noopener\">Priv\u00e9s d&#8217;emploi et pr\u00e9caires<\/a><\/p>\n<p><a href=\"http:\/\/www.ulcgt69villefranche.fr\/?page_id=177\" target=\"_blank\" rel=\"noopener\">INDECOSA<\/a><\/p>\n<p><a href=\"http:\/\/www.ulcgt69villefranche.fr\/?page_id=175\" target=\"_blank\" rel=\"noopener\">Retrait\u00e9s<\/a><\/p>\n<p><a href=\"http:\/\/www.ulcgt69villefranche.fr\/?page_id=179\" target=\"_blank\" rel=\"noopener\">UGICT<\/a><\/p>\n","protected":false},"excerpt":{"rendered":"<p>CGT AGIVR Priv\u00e9s d&#8217;emploi et pr\u00e9caires INDECOSA Retrait\u00e9s UGICT<\/p>\n","protected":false},"author":2,"featured_media":0,"parent":0,"menu_order":0,"comment_status":"closed","ping_status":"closed","template":"","meta":[],"_links":{"self":[{"href":"http:\/\/www.ulcgt69villefranche.fr\/index.php?rest_route=\/wp\/v2\/pages\/173"}],"collection":[{"href":"http:\/\/www.ulcgt69villefranche.fr\/index.php?rest_route=\/wp\/v2\/pages"}],"about":[{"href":"http:\/\/www.ulcgt69villefranche.fr\/index.php?rest_route=\/wp\/v2\/types\/page"}],"author":[{"embeddable":true,"href":"http:\/\/www.ulcgt69villefranche.fr\/index.php?rest_route=\/wp\/v2\/users\/2"}],"replies":[{"embeddable":true,"href":"http:\/\/www.ulcgt69villefranche.fr\/index.php?rest_route=%2Fwp%2Fv2%2Fcomments&post=173"}],"version-history":[{"count":11,"href":"http:\/\/www.ulcgt69villefranche.fr\/index.php?rest_route=\/wp\/v2\/pages\/173\/revisions"}],"predecessor-version":[{"id":3515,"href":"http:\/\/www.ulcgt69villefranche.fr\/index.php?rest_route=\/wp\/v2\/pages\/173\/revisions\/3515"}],"wp:attachment":[{"href":"http:\/\/www.ulcgt69villefranche.fr\/index.php?rest_route=%2Fwp%2Fv2%2Fmedia&parent=173"}],"curies":[{"name":"wp","href":"https:\/\/api.w.org\/{rel}","templated":true}]}}

<p><a href="http://www.ulcgt69villefranche.fr/?page_id=3402" target="_blank" rel="noopener">CGT AGIVR</a></p>
<p><a href="http://www.ulcgt69villefranche.fr/?page_id=1940" target="_blank" rel="noopener">Privés d&#8217;emploi et précaires</a></p>
<p><a href="http://www.ulcgt69villefranche.fr/?page_id=177" target="_blank" rel="noopener">INDECOSA</a></p>
<p><a href="http://www.ulcgt69villefranche.fr/?page_id=175" target="_blank" rel="noopener">Retraités</a></p>
<p><a href="http://www.ulcgt69villefranche.fr/?page_id=179" target="_blank" rel="noopener">UGICT</a></p>

<p>CGT AGIVR Privés d&#8217;emploi et précaires INDECOSA Retraités UGICT</p>
