{"id":142,"date":"2013-07-12T19:10:47","date_gmt":"2013-07-12T17:10:47","guid":{"rendered":"http:\/\/www.masoch.net\/CGT\/?page_id=142"},"modified":"2025-06-22T20:12:48","modified_gmt":"2025-06-22T18:12:48","slug":"les-unions-locales","status":"publish","type":"page","link":"http:\/\/www.ulcgt69villefranche.fr\/?page_id=142","title":{"rendered":"Les Unions Locales"},"content":{"rendered":"\n<h2><span style=\"text-decoration: underline;\">La circonscription de Villefranche sur Sa\u00f4ne regroupe :<\/span><\/h2>\n\n\n\n<p><\/p>\n\n\n\n<h2>L&rsquo;Union Locale \u00e0 la Bourse du Travail<\/h2>\n\n\n<div class=\"wp-block-image\">\n<figure class=\"alignleft size-large is-resized\"><img loading=\"lazy\" src=\"http:\/\/www.ulcgt69villefranche.fr\/wp-content\/uploads\/2022\/08\/Bourse-du-Travail-1024x678.jpg\" alt=\"\" class=\"wp-image-4143\" width=\"-122\" height=\"-80\" title=\"IMG_0811\" srcset=\"http:\/\/www.ulcgt69villefranche.fr\/wp-content\/uploads\/2022\/08\/Bourse-du-Travail-1024x678.jpg 1024w, http:\/\/www.ulcgt69villefranche.fr\/wp-content\/uploads\/2022\/08\/Bourse-du-Travail-300x199.jpg 300w, http:\/\/www.ulcgt69villefranche.fr\/wp-content\/uploads\/2022\/08\/Bourse-du-Travail-768x509.jpg 768w, http:\/\/www.ulcgt69villefranche.fr\/wp-content\/uploads\/2022\/08\/Bourse-du-Travail-1536x1017.jpg 1536w, http:\/\/www.ulcgt69villefranche.fr\/wp-content\/uploads\/2022\/08\/Bourse-du-Travail-2048x1356.jpg 2048w\" sizes=\"(max-width: 1024px) 100vw, 1024px\" \/><\/figure><\/div>\n\n\n<p><strong>BOURSE DU TRAVAIL<\/strong><\/p>\n\n\n\n<p><\/p>\n\n\n\n<h2>Place Roger Rousset<br>69400 VILLEFRANCHE sur SAONE<br>Tel : 04 74 65 25 31<br><\/h2>\n\n\n\n<div class=\"wp-container-4 wp-block-columns\">\n<div class=\"wp-container-3 wp-block-column\">\n<figure class=\"wp-container-2 wp-block-gallery-1 wp-block-gallery has-nested-images columns-default is-cropped\">\n<figure class=\"wp-block-image size-large\"><a href=\"http:\/\/www.ulcgt69villefranche.fr\/wp-content\/uploads\/2022\/08\/DSC_0104-scaled.jpg\"><img loading=\"lazy\" width=\"2560\" height=\"1696\" src=\"http:\/\/www.ulcgt69villefranche.fr\/wp-content\/uploads\/2022\/08\/DSC_0104-scaled.jpg\" alt=\"\" class=\"wp-image-4149\" srcset=\"http:\/\/www.ulcgt69villefranche.fr\/wp-content\/uploads\/2022\/08\/DSC_0104-scaled.jpg 2560w, http:\/\/www.ulcgt69villefranche.fr\/wp-content\/uploads\/2022\/08\/DSC_0104-300x199.jpg 300w, http:\/\/www.ulcgt69villefranche.fr\/wp-content\/uploads\/2022\/08\/DSC_0104-1024x678.jpg 1024w, http:\/\/www.ulcgt69villefranche.fr\/wp-content\/uploads\/2022\/08\/DSC_0104-768x509.jpg 768w, http:\/\/www.ulcgt69villefranche.fr\/wp-content\/uploads\/2022\/08\/DSC_0104-1536x1017.jpg 1536w, http:\/\/www.ulcgt69villefranche.fr\/wp-content\/uploads\/2022\/08\/DSC_0104-2048x1356.jpg 2048w\" sizes=\"(max-width: 2560px) 100vw, 2560px\" \/><\/a><figcaption>Entr\u00e9e Bourse du Travail<\/figcaption><\/figure>\n\n\n\n<figure class=\"wp-block-image size-large\"><a href=\"http:\/\/www.ulcgt69villefranche.fr\/wp-content\/uploads\/2022\/08\/Ascenceur-acces-a-letage-scaled.jpg\"><img loading=\"lazy\" width=\"2560\" height=\"1696\" src=\"http:\/\/www.ulcgt69villefranche.fr\/wp-content\/uploads\/2022\/08\/Ascenceur-acces-a-letage-scaled.jpg\" alt=\"\" class=\"wp-image-4148\" srcset=\"http:\/\/www.ulcgt69villefranche.fr\/wp-content\/uploads\/2022\/08\/Ascenceur-acces-a-letage-scaled.jpg 2560w, http:\/\/www.ulcgt69villefranche.fr\/wp-content\/uploads\/2022\/08\/Ascenceur-acces-a-letage-300x199.jpg 300w, http:\/\/www.ulcgt69villefranche.fr\/wp-content\/uploads\/2022\/08\/Ascenceur-acces-a-letage-1024x678.jpg 1024w, http:\/\/www.ulcgt69villefranche.fr\/wp-content\/uploads\/2022\/08\/Ascenceur-acces-a-letage-768x509.jpg 768w, http:\/\/www.ulcgt69villefranche.fr\/wp-content\/uploads\/2022\/08\/Ascenceur-acces-a-letage-1536x1017.jpg 1536w, http:\/\/www.ulcgt69villefranche.fr\/wp-content\/uploads\/2022\/08\/Ascenceur-acces-a-letage-2048x1356.jpg 2048w\" sizes=\"(max-width: 2560px) 100vw, 2560px\" \/><\/a><figcaption>Acc\u00e8s \u00e0 l&rsquo;\u00e9tage<\/figcaption><\/figure>\n\n\n\n<figure class=\"wp-block-image size-large\"><a href=\"http:\/\/www.ulcgt69villefranche.fr\/wp-content\/uploads\/2022\/08\/Issue-de-Secours-scaled.jpg\"><img loading=\"lazy\" width=\"2560\" height=\"1696\" src=\"http:\/\/www.ulcgt69villefranche.fr\/wp-content\/uploads\/2022\/08\/Issue-de-Secours-scaled.jpg\" alt=\"\" class=\"wp-image-4150\" srcset=\"http:\/\/www.ulcgt69villefranche.fr\/wp-content\/uploads\/2022\/08\/Issue-de-Secours-scaled.jpg 2560w, http:\/\/www.ulcgt69villefranche.fr\/wp-content\/uploads\/2022\/08\/Issue-de-Secours-300x199.jpg 300w, http:\/\/www.ulcgt69villefranche.fr\/wp-content\/uploads\/2022\/08\/Issue-de-Secours-1024x678.jpg 1024w, http:\/\/www.ulcgt69villefranche.fr\/wp-content\/uploads\/2022\/08\/Issue-de-Secours-768x509.jpg 768w, http:\/\/www.ulcgt69villefranche.fr\/wp-content\/uploads\/2022\/08\/Issue-de-Secours-1536x1017.jpg 1536w, http:\/\/www.ulcgt69villefranche.fr\/wp-content\/uploads\/2022\/08\/Issue-de-Secours-2048x1356.jpg 2048w\" sizes=\"(max-width: 2560px) 100vw, 2560px\" \/><\/a><figcaption>Issue de Secours<\/figcaption><\/figure>\n<\/figure>\n<\/div>\n<\/div>\n\n\n\n<p><strong><strong><mark style=\"background-color:#ffffff\" class=\"has-inline-color has-vivid-red-color\">Accueil et renseignements les mardis et mercredis apr\u00e8s-midi de 14h00 \u00e0 17h30, les autres jours sont consacr\u00e9s aux syndiqu\u00e9s ou pour des rendez-vous. <\/mark><\/strong><\/strong><\/p>\n\n\n\n<p><strong><strong><mark style=\"background-color:#ffffff\" class=\"has-inline-color has-vivid-red-color\">Sinon il est pr\u00e9f\u00e9rable de t\u00e9l\u00e9phoner avant de se d\u00e9placer.<\/mark><\/strong><\/strong><\/p>\n\n\n\n<div class=\"wp-container-6 wp-block-columns\">\n<div class=\"wp-container-5 wp-block-column\" style=\"flex-basis:100%\">\n<p class=\"has-text-align-left\"><strong><mark style=\"background-color:rgba(0, 0, 0, 0)\" class=\"has-inline-color has-vivid-cyan-blue-color\">E-Mail :<\/mark><\/strong>&nbsp;<mark><a href=\"mailto:ulcgtvillefranche69@gmail.com\"><mark style=\"background-color:#ffffff\" class=\"has-inline-color\">ulcgtvillefranche69@gmail.com<\/mark><\/a><\/mark> <\/p>\n\n\n\n<p><strong><mark style=\"background-color:rgba(0, 0, 0, 0)\" class=\"has-inline-color has-vivid-cyan-blue-color\">E-Mail Formation :<\/mark><\/strong> <a href=\"mailto:formationcgtvillefranche69@orange.fr\" target=\"_blank\" rel=\"noreferrer noopener\"><mark style=\"background-color:rgba(0, 0, 0, 0)\" class=\"has-inline-color has-vivid-red-color\"><strong>formationcgtvillefranche69@orange.f<\/strong>r<\/mark><\/a><\/p>\n\n\n\n<p class=\"has-text-align-left\"><strong><mark style=\"background-color:rgba(0, 0, 0, 0)\" class=\"has-inline-color has-vivid-cyan-blue-color\">Site :\u00a0<\/mark><\/strong><a href=\"http:\/\/www.ulcgt69villefranche.fr\/\">www.ulcgt69villefranche.fr<\/a><\/p>\n\n\n\n<h2 class=\"has-text-align-center\"><strong>L&rsquo;Union Locale sera ferm\u00e9e au public pendant la p\u00e9riode estivale du 04 au 18 Ao\u00fbt 2025<\/strong><\/h2>\n\n\n\n<h2 class=\"has-text-align-center\"><strong>Une adresse mail d&rsquo;urgence sera communiqu\u00e9 \u00e0 destination des D\u00e9l\u00e9gu\u00e9s Syndicaux, \u00e9lus et syndiqu\u00e9.e.s<\/strong>.<\/h2>\n<\/div>\n<\/div>\n\n\n\n<h2><strong>Union Locale CGT de Belleville<\/strong><\/h2>\n\n\n\n<p>Maison France Services<\/p>\n\n\n\n<p>Espace Simone Veil<\/p>\n\n\n\n<p>8 Bis rue du 14 Juillet<br>69220 Belleville en Beaujolais<\/p>\n\n\n\n<p>Entr\u00e9e par la mission locale.<\/p>\n\n\n\n<p>Mobile : 06 74 67 44 71<br>Tel : 04 74 66 10 95<br><br>Mail : <a href=\"mailto:ulbelleville69@orange.fr\">ulbelleville69@orange.fr<\/a><\/p>\n\n\n\n<p>Pour tous renseignements, probl\u00e8mes, etc&#8230; code du travail<\/p>\n\n\n\n<p>Permanences tous les mercredis de 17h00 \u00e0 19h00 <strong><span style=\"text-decoration: underline;\"><span style=\"color: #ff0000; text-decoration: underline;\">Fermeture du 31 Juillet au 28 Ao\u00fbt<\/span><\/span><\/strong><\/p>\n\n\n\n<h2><strong>Union Locale CGT de Tarare<\/strong><br><strong>Secr\u00e9taire : Yoann AVRIL<\/strong><\/h2>\n\n\n\n<p><br>Place Belfort<br>69170 Tarare<br>T\u00e9l : 09 63 21 88 05<br><br>Accueil&nbsp;le jeudi de 17h30 \u00e0 19h<br>Accueil&nbsp;juridique le &nbsp;lundi&nbsp; de 17h30 \u00e0 19h&nbsp; sur rendez vous<br>Accueil ch\u00f4meurs &nbsp;le jeudi de 17h30 \u00e0 19h<\/p>\n\n\n\n<h2><strong>Union Locale CGT de Thizy<\/strong><br><strong>Secr\u00e9taire : Maurice CERNICCHIARO<\/strong><br>Mairie Annexe<\/h2>\n\n\n\n<p>68 Rue de la R\u00e9publique<\/p>\n\n\n\n<p>BOURG DE THIZY<\/p>\n\n\n\n<p>69240 THIZY LES BOURGS<\/p>\n\n\n\n<p>t\u00e9l. 04 74 64 05 99<\/p>\n\n\n\n<p>Accueil le mercredi de 9h30 \u00e0 12h00 et de 16h00 \u00e0 18h00<\/p>\n","protected":false},"excerpt":{"rendered":"<p>La circonscription de Villefranche sur Sa\u00f4ne regroupe : L&rsquo;Union Locale \u00e0 la Bourse du Travail BOURSE DU TRAVAIL Place Roger Rousset69400 VILLEFRANCHE sur SAONETel : 04 74 65 25 31 Accueil et renseignements les mardis et mercredis apr\u00e8s-midi de 14h00 \u00e0 17h30, les autres jours sont consacr\u00e9s aux syndiqu\u00e9s ou pour des rendez-vous. Sinon il [&hellip;]<\/p>\n","protected":false},"author":7,"featured_media":0,"parent":139,"menu_order":0,"comment_status":"closed","ping_status":"closed","template":"","meta":[],"_links":{"self":[{"href":"http:\/\/www.ulcgt69villefranche.fr\/index.php?rest_route=\/wp\/v2\/pages\/142"}],"collection":[{"href":"http:\/\/www.ulcgt69villefranche.fr\/index.php?rest_route=\/wp\/v2\/pages"}],"about":[{"href":"http:\/\/www.ulcgt69villefranche.fr\/index.php?rest_route=\/wp\/v2\/types\/page"}],"author":[{"embeddable":true,"href":"http:\/\/www.ulcgt69villefranche.fr\/index.php?rest_route=\/wp\/v2\/users\/7"}],"replies":[{"embeddable":true,"href":"http:\/\/www.ulcgt69villefranche.fr\/index.php?rest_route=%2Fwp%2Fv2%2Fcomments&post=142"}],"version-history":[{"count":83,"href":"http:\/\/www.ulcgt69villefranche.fr\/index.php?rest_route=\/wp\/v2\/pages\/142\/revisions"}],"predecessor-version":[{"id":5547,"href":"http:\/\/www.ulcgt69villefranche.fr\/index.php?rest_route=\/wp\/v2\/pages\/142\/revisions\/5547"}],"up":[{"embeddable":true,"href":"http:\/\/www.ulcgt69villefranche.fr\/index.php?rest_route=\/wp\/v2\/pages\/139"}],"wp:attachment":[{"href":"http:\/\/www.ulcgt69villefranche.fr\/index.php?rest_route=%2Fwp%2Fv2%2Fmedia&parent=142"}],"curies":[{"name":"wp","href":"https:\/\/api.w.org\/{rel}","templated":true}]}}

<h2><span style="text-decoration: underline;">La circonscription de Villefranche sur Saône regroupe :</span></h2>



<p></p>



<h2>L&rsquo;Union Locale à la Bourse du Travail</h2>


<div class="wp-block-image">
<figure class="alignleft size-large is-resized"><img loading="lazy" src="http://www.ulcgt69villefranche.fr/wp-content/uploads/2022/08/Bourse-du-Travail-1024x678.jpg" alt="" class="wp-image-4143" width="-122" height="-80" title="IMG_0811" srcset="http://www.ulcgt69villefranche.fr/wp-content/uploads/2022/08/Bourse-du-Travail-1024x678.jpg 1024w, http://www.ulcgt69villefranche.fr/wp-content/uploads/2022/08/Bourse-du-Travail-300x199.jpg 300w, http://www.ulcgt69villefranche.fr/wp-content/uploads/2022/08/Bourse-du-Travail-768x509.jpg 768w, http://www.ulcgt69villefranche.fr/wp-content/uploads/2022/08/Bourse-du-Travail-1536x1017.jpg 1536w, http://www.ulcgt69villefranche.fr/wp-content/uploads/2022/08/Bourse-du-Travail-2048x1356.jpg 2048w" sizes="(max-width: 1024px) 100vw, 1024px" /></figure></div>


<p><strong>BOURSE DU TRAVAIL</strong></p>



<p></p>



<h2>Place Roger Rousset<br>69400 VILLEFRANCHE sur SAONE<br>Tel : 04 74 65 25 31<br></h2>



<div class="wp-container-4 wp-block-columns">
<div class="wp-container-3 wp-block-column">
<figure class="wp-container-2 wp-block-gallery-1 wp-block-gallery has-nested-images columns-default is-cropped">
<figure class="wp-block-image size-large"><a href="http://www.ulcgt69villefranche.fr/wp-content/uploads/2022/08/DSC_0104-scaled.jpg"><img loading="lazy" width="2560" height="1696" src="http://www.ulcgt69villefranche.fr/wp-content/uploads/2022/08/DSC_0104-scaled.jpg" alt="" class="wp-image-4149" srcset="http://www.ulcgt69villefranche.fr/wp-content/uploads/2022/08/DSC_0104-scaled.jpg 2560w, http://www.ulcgt69villefranche.fr/wp-content/uploads/2022/08/DSC_0104-300x199.jpg 300w, http://www.ulcgt69villefranche.fr/wp-content/uploads/2022/08/DSC_0104-1024x678.jpg 1024w, http://www.ulcgt69villefranche.fr/wp-content/uploads/2022/08/DSC_0104-768x509.jpg 768w, http://www.ulcgt69villefranche.fr/wp-content/uploads/2022/08/DSC_0104-1536x1017.jpg 1536w, http://www.ulcgt69villefranche.fr/wp-content/uploads/2022/08/DSC_0104-2048x1356.jpg 2048w" sizes="(max-width: 2560px) 100vw, 2560px" /></a><figcaption>Entrée Bourse du Travail</figcaption></figure>



<figure class="wp-block-image size-large"><a href="http://www.ulcgt69villefranche.fr/wp-content/uploads/2022/08/Ascenceur-acces-a-letage-scaled.jpg"><img loading="lazy" width="2560" height="1696" src="http://www.ulcgt69villefranche.fr/wp-content/uploads/2022/08/Ascenceur-acces-a-letage-scaled.jpg" alt="" class="wp-image-4148" srcset="http://www.ulcgt69villefranche.fr/wp-content/uploads/2022/08/Ascenceur-acces-a-letage-scaled.jpg 2560w, http://www.ulcgt69villefranche.fr/wp-content/uploads/2022/08/Ascenceur-acces-a-letage-300x199.jpg 300w, http://www.ulcgt69villefranche.fr/wp-content/uploads/2022/08/Ascenceur-acces-a-letage-1024x678.jpg 1024w, http://www.ulcgt69villefranche.fr/wp-content/uploads/2022/08/Ascenceur-acces-a-letage-768x509.jpg 768w, http://www.ulcgt69villefranche.fr/wp-content/uploads/2022/08/Ascenceur-acces-a-letage-1536x1017.jpg 1536w, http://www.ulcgt69villefranche.fr/wp-content/uploads/2022/08/Ascenceur-acces-a-letage-2048x1356.jpg 2048w" sizes="(max-width: 2560px) 100vw, 2560px" /></a><figcaption>Accès à l&rsquo;étage</figcaption></figure>



<figure class="wp-block-image size-large"><a href="http://www.ulcgt69villefranche.fr/wp-content/uploads/2022/08/Issue-de-Secours-scaled.jpg"><img loading="lazy" width="2560" height="1696" src="http://www.ulcgt69villefranche.fr/wp-content/uploads/2022/08/Issue-de-Secours-scaled.jpg" alt="" class="wp-image-4150" srcset="http://www.ulcgt69villefranche.fr/wp-content/uploads/2022/08/Issue-de-Secours-scaled.jpg 2560w, http://www.ulcgt69villefranche.fr/wp-content/uploads/2022/08/Issue-de-Secours-300x199.jpg 300w, http://www.ulcgt69villefranche.fr/wp-content/uploads/2022/08/Issue-de-Secours-1024x678.jpg 1024w, http://www.ulcgt69villefranche.fr/wp-content/uploads/2022/08/Issue-de-Secours-768x509.jpg 768w, http://www.ulcgt69villefranche.fr/wp-content/uploads/2022/08/Issue-de-Secours-1536x1017.jpg 1536w, http://www.ulcgt69villefranche.fr/wp-content/uploads/2022/08/Issue-de-Secours-2048x1356.jpg 2048w" sizes="(max-width: 2560px) 100vw, 2560px" /></a><figcaption>Issue de Secours</figcaption></figure>
</figure>
</div>
</div>



<p><strong><strong><mark style="background-color:#ffffff" class="has-inline-color has-vivid-red-color">Accueil et renseignements les mardis et mercredis après-midi de 14h00 à 17h30, les autres jours sont consacrés aux syndiqués ou pour des rendez-vous. </mark></strong></strong></p>



<p><strong><strong><mark style="background-color:#ffffff" class="has-inline-color has-vivid-red-color">Sinon il est préférable de téléphoner avant de se déplacer.</mark></strong></strong></p>



<div class="wp-container-6 wp-block-columns">
<div class="wp-container-5 wp-block-column" style="flex-basis:100%">
<p class="has-text-align-left"><strong><mark style="background-color:rgba(0, 0, 0, 0)" class="has-inline-color has-vivid-cyan-blue-color">E-Mail :</mark></strong>&nbsp;<mark><a href="mailto:ulcgtvillefranche69@gmail.com"><mark style="background-color:#ffffff" class="has-inline-color">ulcgtvillefranche69@gmail.com</mark></a></mark> </p>



<p><strong><mark style="background-color:rgba(0, 0, 0, 0)" class="has-inline-color has-vivid-cyan-blue-color">E-Mail Formation :</mark></strong> <a href="mailto:formationcgtvillefranche69@orange.fr" target="_blank" rel="noreferrer noopener"><mark style="background-color:rgba(0, 0, 0, 0)" class="has-inline-color has-vivid-red-color"><strong>formationcgtvillefranche69@orange.f</strong>r</mark></a></p>



<p class="has-text-align-left"><strong><mark style="background-color:rgba(0, 0, 0, 0)" class="has-inline-color has-vivid-cyan-blue-color">Site : </mark></strong><a href="http://www.ulcgt69villefranche.fr/">www.ulcgt69villefranche.fr</a></p>



<h2 class="has-text-align-center"><strong>L&rsquo;Union Locale sera fermée au public pendant la période estivale du 04 au 18 Août 2025</strong></h2>



<h2 class="has-text-align-center"><strong>Une adresse mail d&rsquo;urgence sera communiqué à destination des Délégués Syndicaux, élus et syndiqué.e.s</strong>.</h2>
</div>
</div>



<h2><strong>Union Locale CGT de Belleville</strong></h2>



<p>Maison France Services</p>



<p>Espace Simone Veil</p>



<p>8 Bis rue du 14 Juillet<br>69220 Belleville en Beaujolais</p>



<p>Entrée par la mission locale.</p>



<p>Mobile : 06 74 67 44 71<br>Tel : 04 74 66 10 95<br><br>Mail : <a href="mailto:ulbelleville69@orange.fr">ulbelleville69@orange.fr</a></p>



<p>Pour tous renseignements, problèmes, etc&#8230; code du travail</p>



<p>Permanences tous les mercredis de 17h00 à 19h00 <strong><span style="text-decoration: underline;"><span style="color: #ff0000; text-decoration: underline;">Fermeture du 31 Juillet au 28 Août</span></span></strong></p>



<h2><strong>Union Locale CGT de Tarare</strong><br><strong>Secrétaire : Yoann AVRIL</strong></h2>



<p><br>Place Belfort<br>69170 Tarare<br>Tél : 09 63 21 88 05<br><br>Accueil&nbsp;le jeudi de 17h30 à 19h<br>Accueil&nbsp;juridique le &nbsp;lundi&nbsp; de 17h30 à 19h&nbsp; sur rendez vous<br>Accueil chômeurs &nbsp;le jeudi de 17h30 à 19h</p>



<h2><strong>Union Locale CGT de Thizy</strong><br><strong>Secrétaire : Maurice CERNICCHIARO</strong><br>Mairie Annexe</h2>



<p>68 Rue de la République</p>



<p>BOURG DE THIZY</p>



<p>69240 THIZY LES BOURGS</p>



<p>tél. 04 74 64 05 99</p>



<p>Accueil le mercredi de 9h30 à 12h00 et de 16h00 à 18h00</p>

<p>La circonscription de Villefranche sur Saône regroupe : L&rsquo;Union Locale à la Bourse du Travail BOURSE DU TRAVAIL Place Roger Rousset69400 VILLEFRANCHE sur SAONETel : 04 74 65 25 31 Accueil et renseignements les mardis et mercredis après-midi de 14h00 à 17h30, les autres jours sont consacrés aux syndiqués ou pour des rendez-vous. Sinon il [&hellip;]</p>
