{"id":110,"date":"2011-12-09T14:03:06","date_gmt":"2011-12-09T14:03:06","guid":{"rendered":"http:\/\/www.masoch.net\/CGT\/?page_id=110"},"modified":"2025-10-31T14:12:06","modified_gmt":"2025-10-31T13:12:06","slug":"consseillers-tass","status":"publish","type":"page","link":"http:\/\/www.ulcgt69villefranche.fr\/?page_id=110","title":{"rendered":"Assesseurs du p\u00f4le social"},"content":{"rendered":"<p>Le P\u00f4le Social est une juridiction sp\u00e9cialis\u00e9e de l&rsquo;ordre judiciaire. Il statue en premi\u00e8re instance sur les litiges relevant du contentieux g\u00e9n\u00e9ral, et sur les contestations relatives \u00e0 l&rsquo;allocation suppl\u00e9mentaire.<\/p>\n<h4>L&rsquo;assur\u00e9 peut saisir le P\u00f4le Social si :<\/h4>\n<ul>\n<li>la d\u00e9cision de la commission de recours amiable(CRA) ne le satisfait pas<\/li>\n<li>si la CRA n&rsquo;a pas rendu de d\u00e9cision dans le mois qui suit la r\u00e9ception de sa r\u00e9clamation.<\/li>\n<\/ul>\n<p>Si l&rsquo;int\u00e9ress\u00e9 a obtenu un accord partiel de la CRA, il peut porter le litige subsistant devant le<br \/>\nP\u00f4le Social. Le P\u00f4le Social est pr\u00e9sid\u00e9 par un magistrat du tribunal de grande instance. Ce magistrat est assist\u00e9 par deux assesseurs non professionnels, l&rsquo;un repr\u00e9sentant les travailleurs salari\u00e9s, et l&rsquo;autre, les employeurs et travailleurs ind\u00e9pendants.<\/p>\n<p>Les membres du P\u00f4le Social sont nomm\u00e9s pour 3 ans. Les assesseurs sont choisis par le pr\u00e9sident du P\u00f4le Social sur une liste des organisations patronales et ouvri\u00e8res les plus repr\u00e9sentatives. Deux assesseurs suppl\u00e9ants sont \u00e9galement d\u00e9sign\u00e9s.<\/p>\n<p>L&rsquo;Union Locale CGT de Villefranche sur Sa\u00f4ne a mandat\u00e9 deux assesseurs pour si\u00e9ger au P\u00f4le Social, un titulaire et un suppl\u00e9ant.<\/p>\n","protected":false},"excerpt":{"rendered":"<p>Le P\u00f4le Social est une juridiction sp\u00e9cialis\u00e9e de l&rsquo;ordre judiciaire. Il statue en premi\u00e8re instance sur les litiges relevant du contentieux g\u00e9n\u00e9ral, et sur les contestations relatives \u00e0 l&rsquo;allocation suppl\u00e9mentaire. L&rsquo;assur\u00e9 peut saisir le P\u00f4le Social si : la d\u00e9cision de la commission de recours amiable(CRA) ne le satisfait pas si la CRA n&rsquo;a pas [&hellip;]<\/p>\n","protected":false},"author":2,"featured_media":0,"parent":102,"menu_order":0,"comment_status":"closed","ping_status":"closed","template":"","meta":[],"_links":{"self":[{"href":"http:\/\/www.ulcgt69villefranche.fr\/index.php?rest_route=\/wp\/v2\/pages\/110"}],"collection":[{"href":"http:\/\/www.ulcgt69villefranche.fr\/index.php?rest_route=\/wp\/v2\/pages"}],"about":[{"href":"http:\/\/www.ulcgt69villefranche.fr\/index.php?rest_route=\/wp\/v2\/types\/page"}],"author":[{"embeddable":true,"href":"http:\/\/www.ulcgt69villefranche.fr\/index.php?rest_route=\/wp\/v2\/users\/2"}],"replies":[{"embeddable":true,"href":"http:\/\/www.ulcgt69villefranche.fr\/index.php?rest_route=%2Fwp%2Fv2%2Fcomments&post=110"}],"version-history":[{"count":12,"href":"http:\/\/www.ulcgt69villefranche.fr\/index.php?rest_route=\/wp\/v2\/pages\/110\/revisions"}],"predecessor-version":[{"id":5705,"href":"http:\/\/www.ulcgt69villefranche.fr\/index.php?rest_route=\/wp\/v2\/pages\/110\/revisions\/5705"}],"up":[{"embeddable":true,"href":"http:\/\/www.ulcgt69villefranche.fr\/index.php?rest_route=\/wp\/v2\/pages\/102"}],"wp:attachment":[{"href":"http:\/\/www.ulcgt69villefranche.fr\/index.php?rest_route=%2Fwp%2Fv2%2Fmedia&parent=110"}],"curies":[{"name":"wp","href":"https:\/\/api.w.org\/{rel}","templated":true}]}}

Assesseurs du pôle social

<p>Le Pôle Social est une juridiction spécialisée de l&rsquo;ordre judiciaire. Il statue en première instance sur les litiges relevant du contentieux général, et sur les contestations relatives à l&rsquo;allocation supplémentaire.</p>
<h4>L&rsquo;assuré peut saisir le Pôle Social si :</h4>
<ul>
<li>la décision de la commission de recours amiable(CRA) ne le satisfait pas</li>
<li>si la CRA n&rsquo;a pas rendu de décision dans le mois qui suit la réception de sa réclamation.</li>
</ul>
<p>Si l&rsquo;intéressé a obtenu un accord partiel de la CRA, il peut porter le litige subsistant devant le<br />
Pôle Social. Le Pôle Social est présidé par un magistrat du tribunal de grande instance. Ce magistrat est assisté par deux assesseurs non professionnels, l&rsquo;un représentant les travailleurs salariés, et l&rsquo;autre, les employeurs et travailleurs indépendants.</p>
<p>Les membres du Pôle Social sont nommés pour 3 ans. Les assesseurs sont choisis par le président du Pôle Social sur une liste des organisations patronales et ouvrières les plus représentatives. Deux assesseurs suppléants sont également désignés.</p>
<p>L&rsquo;Union Locale CGT de Villefranche sur Saône a mandaté deux assesseurs pour siéger au Pôle Social, un titulaire et un suppléant.</p>

<p>Le Pôle Social est une juridiction spécialisée de l&rsquo;ordre judiciaire. Il statue en première instance sur les litiges relevant du contentieux général, et sur les contestations relatives à l&rsquo;allocation supplémentaire. L&rsquo;assuré peut saisir le Pôle Social si : la décision de la commission de recours amiable(CRA) ne le satisfait pas si la CRA n&rsquo;a pas [&hellip;]</p>
